ns digit of 61634?
3
What is the thousands digit of 389794?
9
What is the tens digit of 3032843?
4
What is the units digit of 94044?
4
What is the ten thousands digit of 1992370?
9
What is the thousands digit of 6819764?
9
What is the units digit of 20258866?
6
What is the ten thousands digit of 7028268?
2
What is the thousands digit of 1421158?
1
What is the ten thousands digit of 619749?
1
What is the thousands digit of 216131?
6
What is the thousands digit of 82344?
2
What is the ten thousands digit of 676104?
7
What is the tens digit of 13496?
9
What is the hundreds digit of 14327815?
8
What is the thousands digit of 792421?
2
What is the hundred thousands digit of 523050?
5
What is the units digit of 789682?
2
What is the millions digit of 6817367?
6
What is the millions digit of 2158554?
2
What is the thousands digit of 503207?
3
What is the thousands digit of 1958960?
8
What is the tens digit of 1537255?
5
What is the hundreds digit of 196485?
4
What is the units digit of 226482?
2
What is the hundreds digit of 112850?
8
What is the ten thousands digit of 1323592?
2
What is the hundred thousands digit of 818261?
8
What is the hundred thousands digit of 1281414?
2
What is the units digit of 668804?
4
What is the units digit of 2206781?
1
What is the tens digit of 261308?
0
What is the tens digit of 14548747?
4
What is the units digit of 20442292?
2
What is the hundreds digit of 34783728?
7
What is the ten thousands digit of 29883?
2
What is the ten thousands digit of 1423464?
2
What is the units digit of 27164299?
9
What is the tens digit of 385582?
8
What is the millions digit of 3596437?
3
What is the units digit of 10060882?
2
What is the ten thousands digit of 1983875?
8
What is the units digit of 229457?
7
What is the thousands digit of 649717?
9
What is the millions digit of 8996024?
8
What is the hundreds digit of 27700489?
4
What is the thousands digit of 1344021?
4
What is the thousands digit of 282965?
2
What is the hundreds digit of 198401?
4
What is the hundred thousands digit of 368348?
3
What is the units digit of 228216?
6
What is the ten thousands digit of 375696?
7
What is the tens digit of 1854428?
2
What is the ten thousands digit of 1252984?
5
What is the ten thousands digit of 89734?
8
What is the tens digit of 125244?
4
What is the hundreds digit of 573575?
5
What is the thousands digit of 463912?
3
What is the thousands digit of 11189?
1
What is the hundred thousands digit of 5967201?
9
What is the thousands digit of 15208238?
8
What is the thousands digit of 241984?
1
What is the units digit of 9810810?
0
What is the units digit of 644537?
7
What is the hundreds digit of 3259408?
4
What is the hundreds digit of 596488?
4
What is the millions digit of 14870545?
4
What is the tens digit of 38789565?
6
What is the units digit of 473949?
9
What is the ten thousands digit of 482963?
8
What is the units digit of 2172558?
8
What is the units digit of 9115827?
7
What is the units digit of 3447473?
3
What is the ten millions digit of 13416381?
1
What is the units digit of 4888648?
8
What is the units digit of 2713176?
6
What is the units digit of 214350?
0
What is the tens digit of 160047?
4
What is the tens digit of 732298?
9
What is the thousands digit of 2460009?
0
What is the hundred thousands digit of 336664?
3
What is the units digit of 2763112?
2
What is the hundred thousands digit of 12940529?
9
What is the units digit of 281741?
1
What is the ten thousands digit of 6823336?
2
What is the hundreds digit of 5495982?
9
What is the hundreds digit of 24712331?
3
What is the ten thousands digit of 854796?
5
What is the hundreds digit of 1812285?
2
What is the hundreds digit of 10502?
5
What is the hundred thousands digit of 1866242?
8
What is the hundreds digit of 1060514?
5
What is the hundreds digit of 575598?
5
What is the tens digit of 154261?
6
What is the units digit of 292704?
4
What is the units digit of 282455?
5
What is the millions digit of 1196200?
1
What is the units digit of 4630379?
9
What is the hundred thousands digit of 24640365?
6
What is the hundred thousands digit of 102997?
1
What is the tens digit of 306398?
9
What is the hundreds digit of 407668?
6
What is the ten thousands digit of 142371?
4
What is the hundred thousands digit of 815472?
8
What is the millions digit of 1242533?
1
What is the hundred thousands digit of 369822?
3
What is the ten thousands digit of 9315386?
1
What is the hundred thousands digit of 14951535?
9
What is the tens digit of 3957?
5
What is the ten thousands digit of 5611382?
1
What is the hundreds digit of 5455?
4
What is the hundred thousands digit of 623548?
6
What is the units digit of 383274?
4
What is the tens digit of 3901503?
0
What is the ten thousands digit of 5741478?
4
What is the ten thousands digit of 657728?
5
What is the hundreds digit of 242612?
6
What is the tens digit of 344875?
7
What is the hundreds digit of 2877778?
7
What is the ten thousands digit of 465497?
6
What is the hundred thousands digit of 4766332?
7
What is the thousands digit of 866496?
6
What is the hundreds digit of 86605?
6
What is the hundreds digit of 1477136?
1
What is the hundred thousands digit of 7539271?
5
What is the millions digit of 13039636?
3
What is the hundreds digit of 7819091?
0
What is the hundreds digit of 3194833?
8
What is the thousands digit of 256265?
6
What is the thousands digit of 9389287?
9
What is the thousands digit of 297070?
7
What is the units digit of 963391?
1
What is the hundreds digit of 822696?
6
What is the tens digit of 190998?
9
What is the hundreds digit of 704809?
8
What is the units digit of 735260?
0
What is the hundred thousands digit of 12010704?
0
What is the hundred thousands digit of 1725769?
7
What is the thousands digit of 113388?
3
What is the units digit of 7400393?
3
What is the ten thousands digit of 149175?
4
What is the hundreds digit of 204902?
9
What is the hundred thousands digit of 3720575?
7
What is the thousands digit of 327949?
7
What is the ten thousands digit of 2823642?
2
What is the thousands digit of 19127473?
7
What is the hundreds digit of 3789094?
0
What is the units digit of 3541072?
2
What is the thousands digit of 68656?
8
What is the ten thousands digit of 865904?
6
What is the hundred thousands digit of 207438?
2
What is the thousands digit of 659681?
9
What is the millions digit of 3479779?
3
What is the units digit of 2572536?
6
What is the units digit of 2183706?
6
What is the hundred thousands digit of 159326?
1
What is the tens digit of 238917?
1
What is the ten thousands digit of 197045?
9
What is the ten thousands digit of 37133145?
3
What is the hundreds digit of 409419?
4
What is the ten thousands digit of 22302059?
0
What is the thousands digit of 3173500?
3
What is the thousands digit of 9060261?
0
What is the hundreds digit of 2869318?
3
What is the millions digit of 11568633?
1
What is the ten thousands digit of 233137?
3
What is the units digit of 6426143?
3
What is the hundred thousands digit of 263656?
2
What is the hundred thousands digit of 451751?
4
What is the tens digit of 31027499?
9
What is the hundred thousands digit of 441245?
4
What is the hundreds digit of 19387950?
9
What is the units digit of 285066?
6
What is the ten millions digit of 11981908?
1
What is the ten thousands digit of 65388?
6
What is the thousands digit of 14845395?
5
What is the tens digit of 3062002?
0
What is the ten thousands digit of 721242?
2
What is the hundreds digit of 341799?
7
What is the ten thousands digit of 1395479?
9
What is the millions digit of 9030862?
9
What is the hundreds digit of 77495?
4
What is the thousands digit of 15767788?
7
What is the thousands digit of 167667?
7
What is the units digit of 5354488?
8
What is the hundred thousands digit of 7558910?
5
What is the millions digit of 1572608?
1
What is the thousands digit of 24128?
4
What is the tens digit of 35003718?
1
What is the ten thousands digit of 974587?
7
What is the hundred thousands digit of 402599?
4
What is the millions digit of 2517344?
2
What is the hundreds digit of 185924?
9
What is the ten thousands digit of 4415647?
1
What is the thousands digit of 5621854?
1
What is the ten thousands digit of 15388902?
8
What is the